+ 270296. Give i(676).
-104
Let p(u) = -22056*u - 330780. Give p(-15).
60
Let a(b) = 115*b**2 + 7605*b + 1203. Calculate a(-66).
213
Let o(v) = -v**2 + 582*v + 7472. What is o(-13)?
-263
Let r(o) = o**3 + 256*o**2 + 11486*o + 489. Determine r(-198).
93
Let t(z) = 2*z**3 + 15*z**2 + 26*z - 63. Determine t(-4).
-55
Let c(z) = -z**3 - 2*z**2 + 86*z + 33. What is c(-10)?
-27
Let x(j) = 6*j**2 + 279*j - 5758. Give x(-62).
8
Let d(s) = 26*s**3 + 758*s**2 + 98*s - 183. Give d(-29).
339
Let c(f) = f**3 + 76*f**2 + 73*f + 1525. What is c(-75)?
1675
Let o(v) = -84*v**3 + v**2 - 1472*v + 1470. Give o(1).
-85
Let u(p) = p**3 + 19*p**2 - 118*p - 476. Determine u(-24).
-524
Let i(p) = -4*p**3 - 9*p**2 - 615*p + 5705. Give i(9).
-3475
Let a(p) = p**3 - 7*p**2 - 120*p + 967. Calculate a(9).
49
Let w(t) = 5*t**2 - 207*t - 6101. What is w(-19)?
-363
Let y(w) = 15387*w - 5816298. Give y(378).
-12
Let c(r) = -r**3 - r**2 + 297*r + 34. Give c(-16).
-878
Let n(d) = 3633*d + 287020. What is n(-79)?
13
Let x(p) = -2*p**3 - 789*p**2 + 1190*p + 809. Give x(-396).
17
Let w(v) = v**3 - 35*v**2 + 56*v - 478. Determine w(29).
-3900
Let c(t) = 2*t**3 + 291*t**2 + 136*t - 1299. What is c(-145)?
6
Let m(v) = -7*v**2 - 26380*v - 367976. What is m(-14)?
-28
Let z(b) = 101858*b - 611150. What is z(6)?
-2
Let w(f) = -f**2 - 6146*f - 122534. Give w(-20).
-14
Let g(f) = 84*f - 403. What is g(-24)?
-2419
Let n(x) = 792*x - 2721. Calculate n(4).
447
Let v(t) = -2*t**3 + 18*t**2 - 659*t + 2365. What is v(4)?
-111
Let d(n) = -28*n**2 - 2472*n - 688. Determine d(-88).
16
Let l(k) = 2*k**2 + 1057*k + 4630. Give l(-524).
-86
Let q(a) = -a**3 - 229*a**2 + 15943*a - 3925. Give q(-285).
920
Let a(y) = -5*y**2 - 580*y - 12803. Calculate a(-23).
-2108
Let l(w) = -45*w**3 - 1928*w**2 + 305*w - 135. What is l(-43)?
-307
Let r(p) = 2*p**2 + 12843*p + 51353. Determine r(-4).
13
Let c(p) = 2*p**3 + 24*p**2 - 34*p + 127. What is c(-7)?
855
Let z(g) = -27636*g + 193295. Give z(7).
-157
Let f(v) = 43*v**2 - 371*v - 264. Determine f(11).
858
Let x(d) = d**2 - 2778*d - 61726. Determine x(-22).
-126
Let y(h) = -h**2 - 437620*h + 1750477. Calculate y(4).
-19
Let u(t) = -2833*t + 8474. Give u(3).
-25
Let o(s) = -13792*s - 40845. Determine o(-3).
531
Let u(m) = 10*m**2 - 217*m + 537. Determine u(10).
-633
Let f(b) = -73*b - 3538. Determine f(-33).
-1129
Let l(w) = 56*w - 3439. Determine l(46).
-863
Let j(m) = 2921*m + 160661. What is j(-55)?
6
Let m(q) = -716*q - 3734. Calculate m(-5).
-154
Let t(w) = -3*w**2 - 14716*w - 307710. Determine t(-21).
3
Let v(l) = -9*l**2 - 12*l - 75. Give v(-11).
-1032
Let z(s) = s**3 + 16*s**2 + 415*s + 3272. Calculate z(-10).
-278
Let z(k) = 2296*k + 80117. Calculate z(-35).
-243
Let t(y) = y**2 + 101886*y + 3157555. What is t(-31)?
50
Let s(v) = 4*v**3 - 8*v**2 + 286*v + 1639. Give s(-6).
-1229
Let n(p) = 9*p**2 - 29*p - 101. Determine n(-10).
1089
Let i(o) = 81*o**3 + 5027*o**2 + 334*o + 1565. Determine i(-62).
77
Let w(a) = 386*a**2 + 2228*a + 4455. Give w(-2).
1543
Let t(s) = -901*s - 18055. Give t(-21).
866
Let f(d) = d**2 - 28480*d + 341686. Calculate f(12).
70
Let w(q) = 10*q**2 + 1627*q - 65245. What is w(-196)?
23
Let v(b) = b**2 - 7113*b - 1260486. What is v(-173)?
-8
Let m(h) = 5*h**3 - 114*h**2 + 137*h - 22. Give m(1).
6
Let x(y) = y**3 + 60*y**2 + 833*y + 532. What is x(-39)?
-14
Let c(k) = -246*k - 12011. What is c(-51)?
535
Let c(s) = -2*s**2 + 25*s + 7134. Calculate c(65).
309
Let v(d) = d**3 + 4*d**2 - 64*d + 115. What is v(6)?
91
Let i(q) = -3974*q + 1319493. Calculate i(332).
125
Let h(k) = -k**3 + 17*k**2 - 63339*k + 1013167. Calculate h(16).
-1
Let o(a) = -109*a + 6141. What is o(57)?
-72
Let k(y) = 151*y - 12757. What is k(80)?
-677
Let q(i) = 1228*i - 36243. What is q(30)?
597
Let s(y) = -2*y**2 - 67*y + 2361. Determine s(22).
-81
Let z(f) = f**3 + 18*f**2 + 236*f + 1385. Give z(-6).
401
Let x(g) = -g**3 + 148*g**2 + 31*g - 4611. Calculate x(148).
-23
Let t(w) = 3*w**3 + 734*w**2 + 3868*w - 46602. Determine t(-239).
3
Let b(z) = -990*z + 211871. What is b(214)?
11
Let z(p) = 2522*p + 7834. Calculate z(-4).
-2254
Let s(c) = c**3 - 357*c**2 + 4493*c - 7228. Calculate s(344).
-4
Let s(b) = -6*b**2 + 68*b - 37. Calculate s(18).
-757
Let a(n) = -590*n + 6291. What is a(10)?
391
Let d(v) = -v**3 + 26*v**2 + 1708*v - 1564. What is d(56)?
4
Let y(o) = -92*o - 408. Give y(-6).
144
Let p(g) = g**3 - 210*g**2 + 2594*g - 453012. Determine p(208).
12
Let k(v) = 4*v**2 - 108521*v + 542576. What is k(5)?
71
Let p(r) = -r**3 - 264*r**2 + 2050*r - 34108. Give p(-272).
164
Let u(z) = z**3 + 164*z**2 - 726*z - 37741. Give u(-167).
-166
Let q(i) = -i**3 + 156*i**2 + 663*i + 2. Determine q(-4).
-90
Let k(f) = 83885*f - 1. Calculate k(0).
-1
Let w(x) = -66*x**2 - 1746*x + 65. Give w(-27).
-907
Let w(j) = -461*j + 4985. What is w(8)?
1297
Let o(n) = -n**2 + 122*n + 1156. Calculate o(-8).
116
Let o(s) = 578*s - 9551. Determine o(17).
275
Let i(b) = 11*b**2 - 101*b + 177. Determine i(6).
-33
Let b(x) = -60*x**3 - 11218*x**2 + 361*x - 2427. Calculate b(-187).
4
Let b(v) = -v**3 + 31*v**2 + 116*v - 5050. What is b(29)?
-4
Let w(z) = 3*z**2 + 215*z + 780. Determine w(-68).
32
Let j(d) = -8*d + 832. What is j(109)?
-40
Let n(w) = 2425*w - 475268. What is n(196)?
32
Let d(t) = -140478*t + 842875. Give d(6).
7
Let o(p) = 120*p + 15677. Determine o(-131).
-43
Let v(z) = z**3 - z**2 + 125*z - 1425. Determine v(9).
348
Let o(l) = 7*l**3 - 518*l**2 + 54. Calculate o(74).
54
Let o(u) = u**2 + 32*u + 37. Determine o(-25).
-138
Let m(j) = -1093*j - 14945. Determine m(-13).
-736
Let i(a) = -5646*a + 33830. Calculate i(6).
-46
Let i(d) = 63318*d - 696492. What is i(11)?
6
Let k(c) = 4*c**2 - 4527*c + 1212073. Determine k(697).
-10
Let x(t) = t**3 - 29*t**2 - 318*t - 2. Calculate x(38).
910
Let w(m) = m**3 - 76*m**2 + 649*m - 959. Determine w(67).
2123
Let d(s) = -15*s - 1380. Give d(-56).
-540
Let o(s) = 1011*s + 3793. Determine o(-4).
-251
Let a(n) = -4*n**2 + 576*n - 5918. Determine a(134).
-558
Let a(y) = 15*y**2 - 176*y + 457. What is a(6)?
-59
Let r(k) = k**3 - 137*k**2 + 555*k + 1. Give r(4).
93
Let s(i) = 5*i**3 - 2*i**2 - 17*i + 2443. Give s(0).
2443
Let b(m) = -55*m**2 + 16994*m + 1031. What is b(309)?
722
Let c(j) = -4*j**3 - 1227*j**2 + 1577*j + 11398. Determine c(-308).
2
Let s(t) = 2*t**2 - 17*t - 11959. Calculate s(67).
-4120
Let l(i) = i**2 - 757*i + 117229. What is l(217)?
49
Let z(j) = 3776*j - 347393. Determine z(92).
-1
Let j(m) = -252084*m + 3277079. Calculate j(13).
-13
Let g(k) = 35282*k + 670268. Determine g(-19).
-90
Let a(q) = 1220*q - 3663. What is a(3)?
-3
Let h(p) = -24243*p - 63. Determine h(0).
-63
Let d(m) = m**2 - 3944*m - 163400. Calculate d(-41).
-15
Let p(g) = 3222*g - 60987. Determine p(19).
231
Let q(h) = 427162*h - 854412. Determine q(2).
-88
Let v(n) = 12810*n + 973539. Calculate v(-76).
-21
Let f(u) = -18*u**3 - 58*u**2 + 56*u - 13. Calculate f(-4).
-13
Let a(q) = -7838*q - 344896. Calculate a(-44).
-24
Let d(s) = -6*s**3 + 44*s**2 + 193*s + 1. Give d(-4).
317
Let z(w) = w**3 + 3*w**2 - 329*w - 2354. What is z(-8)?
-42
Let v(f) = 64*f**3 - 1920*f**2 - 25. Give v(30).
-25
Let u(k) = -2*k**2 - 1614*k - 319204. Give u(-460).
36
Let t(k) = 140*k**2 - 2701*k + 11177. What is t(6)?
11
Let b(i) = 2*i**3 - 26*i**2 - 1650*i + 153. Give b(-23).
15
Let t(j) = -639949*j - 18558521. What is t(-29)?
0
Let m(g) = -g**3 - 17*g**2 - 93*g + 58. What is m(-9)?
247
Let a(y) = 6*y**3 - 41*y**2 - 14238*y + 99655. Determine a(7).
38
Let u(s) = -187751*s - 1689756. Calculate u(-9).
3
Let p(r) = r**2 + 160*r + 2687. Determine p(-141).
8
Let b(m) = -m**3 + 111*m**2 + 4544*m - 1030. What is b(-32)?
-6
Let z(u) = -665*u - 32388. Determine z(-49).
197
Let m(v) = -23*v**3 - 12*v**2 + 17*v - 617. Give m(0).
-617
Let k(f) = -154*f**2 + 3772*f - 7544. Give k(2).
-616
Let l(i) = -170264*i - 2724162. What is l(-16)?
62
Let k(m) = -1192*m - 654396. Determine k(-549).
12
Let i(v) = -6521*v + 64278. What is i(10)?
-932
Let v(k) = 9795*k + 303650. What is v(-31)?
5
Let d(v) = -8*v**2 - 237*v + 94. What is d(-28)?
458
Let j(n) = 17*n**2 + 2*n - 334. What is j(4)?
-54
Let l(b) = 765*b - 1054. Give l(0).
-1054
Let f(w) = -3600*w - 10607. Determine f(-3).
193
Let r(x) = -24*x**2 - x + 164. 